 is the greatest common factor of 74 and k?
37
Let u be (-1 - -2)/3*9. Suppose 5*r + 4*d = 106, 3*r + 4*d - u*d - 58 = 0. Calculate the greatest common divisor of 72 and r.
18
Let m(b) = b + 7. Let g be m(5). Suppose 2*c - 5*d = -0*c + 8, 16 = 4*c + 2*d. What is the greatest common factor of c and g?
4
Suppose 16 = 3*j + 5*m - 0*m, 3*m - 6 = 0. Suppose 15 = j*v - v. Let b = 116 + 49. Calculate the highest common divisor of b and v.
15
Let k(v) = v**2 + 6*v - 10. Let b be k(-7). Let h(p) = -6*p. Let n be h(b). Calculate the highest common divisor of n and 126.
18
Let d be (-4344)/(-66) + 4/22. Suppose d = 5*c - 39. What is the greatest common divisor of 14 and c?
7
Let r be ((0/2)/2)/2. Suppose 2*q = -3*i - 2*i + 201, -2*q - 3*i + 207 = r. What is the highest common divisor of 12 and q?
12
Let h(q) = 6*q - 32. Let p be h(9). What is the highest common factor of 55 and p?
11
Let j = 8 - -1. Suppose -n = -5*x - 24, -3*n + 74 = 2*n - 2*x. Let b be 4/n + (-76)/(-28). What is the greatest common factor of j and b?
3
Suppose -4*c + 3 = -1. What is the greatest common divisor of c and 8?
1
Let n be -2 - (1 - 1 - 573). Suppose -2*o = -2*u + 37 + n, -1224 = -4*u + 2*o. Calculate the highest common factor of u and 28.
28
Let d = -10 - -15. Suppose -4*i + 0 = 2*n - 4, 4*i = d*n + 32. Suppose i*w = 4*w - 4*t - 48, -2*w + 4*t = -76. Calculate the highest common divisor of w and 14.
14
Let h = 15 + -5. Suppose -b + 5*b - 8 = 2*c, 5*c + h = 5*b. What is the greatest common divisor of 22 and b?
2
Suppose 40 + 60 = p. Calculate the greatest common factor of 25 and p.
25
Suppose -5*h - 3*k + 18 + 1 = 0, 2*h - 13 = -3*k. Suppose h = -2*d + d. Let i be (4/d)/((-3)/36). Calculate the greatest common factor of 6 and i.
6
Suppose 5*r - 239 = r + 5*k, 0 = -4*k + 4. Let q = -41 + r. What is the greatest common factor of q and 10?
10
Suppose 148 = -6*y + 2*y. Let z = -22 - y. Let x = -10 + z. What is the greatest common factor of 15 and x?
5
Suppose 3*g + g - 2 = -2*l, -5*g + 2 = 3*l. Let h be (-2 + 4)*(-2)/(-4). Calculate the greatest common factor of g and h.
1
Suppose -2*g - 392 = -6*g + 2*v, 4*g - 4*v - 388 = 0. Calculate the highest common factor of 9 and g.
9
Suppose -1 = -n + 20. Let d be -1 + 87 - (1 - -1). Calculate the greatest common divisor of d and n.
21
Suppose -7*l + 3*l = 20, 0 = -4*f - 4*l + 504. Suppose -5*v - 5*c + 308 = -c, 2*v = c + f. Let n = v - 36. Calculate the highest common factor of 14 and n.
14
Let l be (-2)/(-2) + (-131 - 0). Let b be (-2)/(-6) + l/(-6). Let i = -18 - -29. Calculate the greatest common divisor of i and b.
11
Suppose 6*l = l + 80. Suppose m + k + 304 = 0, 0*m = 5*m - 4*k + 1484. Let s be ((-16)/6)/(10/m). Calculate the greatest common factor of l and s.
16
Let d = -6 - 4. Let q = -2 - d. Let u be ((-66)/q)/(6/(-16)). Calculate the highest common factor of u and 33.
11
Let o be (-2)/(-6)*2*15. Let a be (7/(-42)*-20)/((-2)/(-24)). What is the greatest common factor of o and a?
10
Let n = 2 - 4. Let k be 0/1 - (n + 1). Let u be k/(1 - (-18)/(-20)). What is the highest common factor of u and 20?
10
Suppose -3*c = -c - j + 73, -193 = 5*c + j. Let y = 58 + c. Calculate the greatest common divisor of y and 50.
10
Let b be (-1194)/(-27) - (-4)/(-18). Suppose 3*f = 3*r + 21, -7*f + 3*f - 4*r = -b. What is the highest common factor of f and 63?
9
Suppose 0*s + s = 3. Let r(l) = -l. Let b(u) = -u**2 + u - 8. Let d(a) = -b(a) + 5*r(a). Let q be d(8). What is the highest common factor of q and s?
3
Let v = -13 + 26. What is the highest common factor of v and 13?
13
Suppose 2*w - 72 = -w. What is the greatest common factor of 36 and w?
12
Let w(j) = j**2 + 8*j - 8. Let h be w(-10). Let x = -4 + 7. Calculate the greatest common factor of h and x.
3
Let h(a) = 2*a**2 + 5*a - 10. Let m be h(7). Let u = -39 + m. Calculate the greatest common divisor of 12 and u.
12
Let t = 9 - 0. Calculate the greatest common factor of t and 72.
9
Let w be 12*(2 - (-201)/12). Let m be 2/(6/w + 0). Calculate the highest common factor of 30 and m.
15
Suppose -t - 4 + 1 = 0. Let n be 3/t - -3 - 6. Let j(r) = -r**2 - 7*r + 4. Let m be j(n). What is the greatest common factor of m and 4?
4
Let x(m) = -4*m + 2. Let j be x(-2). Calculate the greatest common divisor of 25 and j.
5
Suppose 88 = 4*b + 8. Suppose -2*o + b = 4*k, 4*k - 37 = -3*o + 5*k. Let a = o - 6. Calculate the greatest common divisor of 54 and a.
6
Let t(h) = 9*h**2 - 2*h - 4. Let j be t(2). What is the highest common factor of 98 and j?
14
Suppose -q - 9 = -2*q. Let v be (12/q)/(2/21). What is the highest common divisor of v and 98?
14
Suppose 0 = 2*x + 5*n - 245, -5*x + 604 = -n + 5*n. What is the greatest common divisor of x and 24?
24
Let n(c) = 8*c**2 - c - 2. Let s be n(-1). What is the greatest common divisor of s and 7?
7
Let g = -377 - -221. Let c = -71 - g. What is the highest common factor of 34 and c?
17
Let x(s) = s**3 - 4*s**2 + 4. Let n be x(3). Let j = 9 + n. Suppose -5*m + 25 = 0, -5*r - 2*m + 20 = -j*m. Calculate the greatest common factor of r and 12.
6
Let p(c) = 3*c**2 - c**2 + 3 + 17 - c**2. Let w be p(0). What is the greatest common factor of w and 60?
20
Suppose 0 = 2*d + d - 15. Suppose 2 = n - d*y + 2*y, 3*n + 4*y = 19. Suppose 0 = -o + n + 13. Calculate the greatest common divisor of o and 18.
18
Let w be 8/12 + 654/(-9). Let g = w + 259. Calculate the greatest common factor of g and 17.
17
Suppose -3*f + 15 = -2*f - b, 3*b - 19 = -f. Let x = -3 + f. Calculate the greatest common divisor of x and 13.
13
Let j(x) = -9*x + 7. Let f be j(-9). What is the highest common factor of f and 11?
11
Suppose -3*g - g + c = -19, -11 = g + 5*c. What is the greatest common factor of g and 18?
2
Let o be -4 + 31 - (3 + -9). What is the highest common factor of o and 264?
33
Let b be (-284)/(-14) - 2/7. Suppose 8*h = 5*h + 90. What is the greatest common divisor of b and h?
10
Let q = -67 + 98. What is the highest common factor of 279 and q?
31
Suppose -6*s = -8*s + 22. Calculate the highest common factor of 33 and s.
11
Suppose q - 57 = -5*t, -2*t - 2*q + 33 = -5*q. Suppose b + 2*b = t. Let j(r) = 3*r + 23. Let s be j(7). What is the greatest common factor of b and s?
4
Let r = 45 + -41. Let q(h) = h**3 - 2*h**2 + 3*h - 2. Let i be q(2). Suppose -i*a + 14 + 26 = 0. Calculate the greatest common divisor of r and a.
2
Suppose -5*w + 5*r + 7 = -w, w + 2*r = 5. Suppose 4*a = w*u + 23, 3*a + 3*u + 2 = -7. Let j be a*(-2)/(-2)*3. What is the greatest common divisor of 66 and j?
6
Let w(m) = m**2 - 2*m + 45. Let z be w(0). Suppose -6 = l - 24. What is the highest common factor of l and z?
9
Suppose -5*n - 48 = -183. Calculate the greatest common factor of 108 and n.
27
Suppose -3*p = -p - 8. Suppose 0*v + 64 = 4*v. Calculate the highest common factor of v and p.
4
Suppose 2*k - 4*k = -6. Suppose -k*r + 28 = r. Calculate the greatest common factor of r and 42.
7
Let j(k) = k + 21. Let n be j(0). Let x be 14/n + (-62)/(-6). Suppose -22 = -2*z - 2*a, 3*a = -z - 2*a + 11. What is the greatest common divisor of z and x?
11
Suppose 2*r - 15 - 11 = -4*b, -5*b - r = -31. Suppose c - 16 = -5*h, -c - 107 = -b*c + 2*h. What is the greatest common factor of 7 and c?
7
Suppose 3*c - 10 = -2*c. Suppose c*m = -13 + 15. What is the highest common factor of m and 1?
1
Suppose 0 = 3*n + 1 - 7. What is the highest common divisor of 6 and n?
2
Let i be (-2)/(-3) + 380/6. What is the highest common divisor of i and 16?
16
Suppose 3*x - 88 = 14. Suppose 3*u + 4 = 3*y - 20, 2*y = -4*u + x. What is the highest common divisor of 99 and y?
11
Let a be (-29 + -43)*(-1)/3. Suppose 15 = 2*q + q. Suppose 0 = -5*x - 3*w + 80, -x + q + 11 = -5*w. Calculate the greatest common factor of x and a.
8
Let t(c) = 2 + c - c**2 + 6*c - 4*c. Let x be t(3). Suppose b + 85 = 4*n, -b + 0*b = x*n - 35. What is the highest common divisor of 180 and n?
20
Let n be -1*3*(-16)/(-12). Suppose 0 = -5*w + 42 - 7. Let r = w + n. What is the greatest common factor of r and 3?
3
Let p be 0*(0 + 1 + -2). Let b = 2 - -7. Let m = b + p. Calculate the greatest common factor of 81 and m.
9
Suppose -3*x - 5*o + 10 = -6, -x = -4*o + 6. Suppose -3*y - y = -72. What is the greatest common divisor of x and y?
2
Let i be (-1)/(2/(-22) + 0). Let y be (-1382